{"id":9469,"date":"2020-05-27T17:39:11","date_gmt":"2020-05-27T15:39:11","guid":{"rendered":"http:\/\/localhost\/projects\/iostoacasa\/?post_type=product&#038;p=9469"},"modified":"2026-04-28T21:09:59","modified_gmt":"2026-04-28T19:09:59","slug":"vitan-crema-viso","status":"publish","type":"product","link":"https:\/\/www.texia.eu\/en\/prodotti-dermatologici\/vitan-crema-viso\/","title":{"rendered":"Vitan Crema Nutriente Viso 40ml"},"content":{"rendered":"<p><img loading=\"lazy\" class=\"wp-image-11598 alignleft\" src=\"https:\/\/www.texia.eu\/wp-content\/uploads\/2020\/05\/VITAN-mezzo-272x300.jpg\" alt=\"\" width=\"374\" height=\"413\" srcset=\"https:\/\/www.texia.eu\/wp-content\/uploads\/2020\/05\/VITAN-mezzo-272x300.jpg 272w, https:\/\/www.texia.eu\/wp-content\/uploads\/2020\/05\/VITAN-mezzo-928x1024.jpg 928w, https:\/\/www.texia.eu\/wp-content\/uploads\/2020\/05\/VITAN-mezzo-768x847.jpg 768w, https:\/\/www.texia.eu\/wp-content\/uploads\/2020\/05\/VITAN-mezzo-1392x1536.jpg 1392w, https:\/\/www.texia.eu\/wp-content\/uploads\/2020\/05\/VITAN-mezzo-11x12.jpg 11w, https:\/\/www.texia.eu\/wp-content\/uploads\/2020\/05\/VITAN-mezzo-700x772.jpg 700w, https:\/\/www.texia.eu\/wp-content\/uploads\/2020\/05\/VITAN-mezzo.jpg 1772w\" sizes=\"(max-width: 374px) 100vw, 374px\" \/><\/p>\n<p><strong>VITAN CREMA VISO, Crema Nutriente ad Elevata Tollerabilit\u00e0<\/strong><\/p>\n<p><strong>Caratteristiche:<\/strong> crema nu\u00adtriente e restitutiva per la pelle secca ed intollerante ai comuni cosmetici. Per uso quotidiano su viso, collo ed aree screpolate e sensibili.<\/p>\n<p><strong>Nutriente:<\/strong> rende subito la pelle elastica e compatta gra\u00ad zie alla formulazione molto ric\u00ad ca in lipidi protettivi e struttu\u00ad ranti della barriera epidermica. Protezione quotidiana delicata.<\/p>\n<p><strong>Restitutiva:<\/strong> Ceramidi, Colestero\u00ad lo ed Olii ad elevato tenore in Omega 3 e 6; stimola la sintesi del cemento inter\u00adcorneocitario. Con Acido Jaluronico, rende l&#8217;epidermide pi\u00f9 morbida e compatta.<\/p>\n<p><strong>Lenitiva:<\/strong> elevato contenuto in Pantenolo e Bisabololo per una pronta azione lenitiva.<\/p>\n<p><strong>Tollerabile:<\/strong> formula ipoallergenica con principi selezionati per tollerabilit\u00e0 ed efficacia. Per pelli molto sensibili e secchezze senili e costituzionali.<\/p>\n<p><strong>Indicazioni:<\/strong> crema nutriente e restitutiva. Rende la pelle pi\u00f9 elastica; specifica per tutte le condizioni di forte secchezza e reattivit\u00e0: da invecchiamento od associate a costituzionalit\u00e0 atopica, particolare sensibilit\u00e0 o specifiche condizioni dermatologiche.<\/p>\n<p><strong>Consigli d&#8217;uso:<\/strong> applicate dopo detersione delicata, 1 o 2 volte al giorno, secondo il grado di secchezza. Massaggiate fino a completo assorbimento. Preziosa sulle aree molto sensibili, anche a supporto di terapie specifiche, soprattutto sulle aree pi\u00f9 secche e delicate. Nutriente e gradevole da usare, pu\u00f2 essere usata in modo continuativo specie nelle secchezze intense.<\/p>\n<p><img loading=\"lazy\" class=\"wp-image-11599 aligncenter\" src=\"https:\/\/www.texia.eu\/wp-content\/uploads\/2020\/05\/VITAN-B-212x300.jpg\" alt=\"\" width=\"337\" height=\"477\" srcset=\"https:\/\/www.texia.eu\/wp-content\/uploads\/2020\/05\/VITAN-B-212x300.jpg 212w, https:\/\/www.texia.eu\/wp-content\/uploads\/2020\/05\/VITAN-B-725x1024.jpg 725w, https:\/\/www.texia.eu\/wp-content\/uploads\/2020\/05\/VITAN-B-768x1085.jpg 768w, https:\/\/www.texia.eu\/wp-content\/uploads\/2020\/05\/VITAN-B-1087x1536.jpg 1087w, https:\/\/www.texia.eu\/wp-content\/uploads\/2020\/05\/VITAN-B-1449x2048.jpg 1449w, https:\/\/www.texia.eu\/wp-content\/uploads\/2020\/05\/VITAN-B-8x12.jpg 8w, https:\/\/www.texia.eu\/wp-content\/uploads\/2020\/05\/VITAN-B-700x989.jpg 700w, https:\/\/www.texia.eu\/wp-content\/uploads\/2020\/05\/VITAN-B.jpg 1772w\" sizes=\"(max-width: 337px) 100vw, 337px\" \/><\/p>\n<p>In vendita in Farmacia, Parafarmacia, farmacie online e sulla piattaforma Amazon.it \u2013 tutti i prodotti vengono venduti con un sigillo olografico di controllo.<\/p>","protected":false},"excerpt":{"rendered":"<p>Protezione della pelle molto secca e intollerante<\/p>","protected":false},"featured_media":9485,"comment_status":"open","ping_status":"closed","template":"","meta":[],"aioseo_notices":[],"acf":[],"_links":{"self":[{"href":"https:\/\/www.texia.eu\/en\/wp-json\/wp\/v2\/product\/9469"}],"collection":[{"href":"https:\/\/www.texia.eu\/en\/wp-json\/wp\/v2\/product"}],"about":[{"href":"https:\/\/www.texia.eu\/en\/wp-json\/wp\/v2\/types\/product"}],"replies":[{"embeddable":true,"href":"https:\/\/www.texia.eu\/en\/wp-json\/wp\/v2\/comments?post=9469"}],"wp:featuredmedia":[{"embeddable":true,"href":"https:\/\/www.texia.eu\/en\/wp-json\/wp\/v2\/media\/9485"}],"wp:attachment":[{"href":"https:\/\/www.texia.eu\/en\/wp-json\/wp\/v2\/media?parent=9469"}],"curies":[{"name":"wp","href":"https:\/\/api.w.org\/{rel}","templated":true}]}}

<p><img loading="lazy" class="wp-image-11598 alignleft" src="https://www.texia.eu/wp-content/uploads/2020/05/VITAN-mezzo-272x300.jpg" alt="" width="374" height="413" srcset="https://www.texia.eu/wp-content/uploads/2020/05/VITAN-mezzo-272x300.jpg 272w, https://www.texia.eu/wp-content/uploads/2020/05/VITAN-mezzo-928x1024.jpg 928w, https://www.texia.eu/wp-content/uploads/2020/05/VITAN-mezzo-768x847.jpg 768w, https://www.texia.eu/wp-content/uploads/2020/05/VITAN-mezzo-1392x1536.jpg 1392w, https://www.texia.eu/wp-content/uploads/2020/05/VITAN-mezzo-11x12.jpg 11w, https://www.texia.eu/wp-content/uploads/2020/05/VITAN-mezzo-700x772.jpg 700w, https://www.texia.eu/wp-content/uploads/2020/05/VITAN-mezzo.jpg 1772w" sizes="(max-width: 374px) 100vw, 374px" /></p>
<p><strong>VITAN CREMA VISO, Crema Nutriente ad Elevata Tollerabilità</strong></p>
<p><strong>Caratteristiche:</strong> crema nu­triente e restitutiva per la pelle secca ed intollerante ai comuni cosmetici. Per uso quotidiano su viso, collo ed aree screpolate e sensibili.</p>
<p><strong>Nutriente:</strong> rende subito la pelle elastica e compatta gra­ zie alla formulazione molto ric­ ca in lipidi protettivi e struttu­ ranti della barriera epidermica. Protezione quotidiana delicata.</p>
<p><strong>Restitutiva:</strong> Ceramidi, Colestero­ lo ed Olii ad elevato tenore in Omega 3 e 6; stimola la sintesi del cemento inter­corneocitario. Con Acido Jaluronico, rende l&#8217;epidermide più morbida e compatta.</p>
<p><strong>Lenitiva:</strong> elevato contenuto in Pantenolo e Bisabololo per una pronta azione lenitiva.</p>
<p><strong>Tollerabile:</strong> formula ipoallergenica con principi selezionati per tollerabilità ed efficacia. Per pelli molto sensibili e secchezze senili e costituzionali.</p>
<p><strong>Indicazioni:</strong> crema nutriente e restitutiva. Rende la pelle più elastica; specifica per tutte le condizioni di forte secchezza e reattività: da invecchiamento od associate a costituzionalità atopica, particolare sensibilità o specifiche condizioni dermatologiche.</p>
<p><strong>Consigli d&#8217;uso:</strong> applicate dopo detersione delicata, 1 o 2 volte al giorno, secondo il grado di secchezza. Massaggiate fino a completo assorbimento. Preziosa sulle aree molto sensibili, anche a supporto di terapie specifiche, soprattutto sulle aree più secche e delicate. Nutriente e gradevole da usare, può essere usata in modo continuativo specie nelle secchezze intense.</p>
<p><img loading="lazy" class="wp-image-11599 aligncenter" src="https://www.texia.eu/wp-content/uploads/2020/05/VITAN-B-212x300.jpg" alt="" width="337" height="477" srcset="https://www.texia.eu/wp-content/uploads/2020/05/VITAN-B-212x300.jpg 212w, https://www.texia.eu/wp-content/uploads/2020/05/VITAN-B-725x1024.jpg 725w, https://www.texia.eu/wp-content/uploads/2020/05/VITAN-B-768x1085.jpg 768w, https://www.texia.eu/wp-content/uploads/2020/05/VITAN-B-1087x1536.jpg 1087w, https://www.texia.eu/wp-content/uploads/2020/05/VITAN-B-1449x2048.jpg 1449w, https://www.texia.eu/wp-content/uploads/2020/05/VITAN-B-8x12.jpg 8w, https://www.texia.eu/wp-content/uploads/2020/05/VITAN-B-700x989.jpg 700w, https://www.texia.eu/wp-content/uploads/2020/05/VITAN-B.jpg 1772w" sizes="(max-width: 337px) 100vw, 337px" /></p>
<p>In vendita in Farmacia, Parafarmacia, farmacie online e sulla piattaforma Amazon.it – tutti i prodotti vengono venduti con un sigillo olografico di controllo.</p>
